{"id":209,"date":"2023-08-11T19:49:37","date_gmt":"2023-08-11T17:49:37","guid":{"rendered":"https:\/\/www.dermeilentyp.de\/blog\/?page_id=209"},"modified":"2023-08-17T11:54:56","modified_gmt":"2023-08-17T09:54:56","slug":"der-meilentyp-home","status":"publish","type":"page","link":"https:\/\/www.dermeilentyp.de\/blog\/","title":{"rendered":"Reviews, Meilen, Punkte und Kreditkarten"},"content":{"rendered":"\t\t<div data-elementor-type=\"wp-page\" data-elementor-id=\"209\" class=\"elementor elementor-209\" data-elementor-post-type=\"page\">\n\t\t\t\t\t\t\t<div class=\"elementor-element elementor-element-2ba2f26 e-flex e-con-boxed e-con\" data-id=\"2ba2f26\" data-element_type=\"container\" data-settings=\"{&quot;content_width&quot;:&quot;boxed&quot;}\">\n\t\t\t\t\t<div class=\"e-con-inner\">\n\t\t\t\t<div class=\"elementor-element elementor-element-19c2642 elementor-widget elementor-widget-template\" data-id=\"19c2642\" data-element_type=\"widget\" data-widget_type=\"template.default\">\n\t\t\t\t<div class=\"elementor-widget-container\">\n\t\t\t\t\t<div class=\"elementor-template\">\n\t\t\t\t\t<div data-elementor-type=\"page\" data-elementor-id=\"179\" class=\"elementor elementor-179\" data-elementor-post-type=\"elementor_library\">\n\t\t\t\t\t\t\t<div class=\"elementor-element elementor-element-6d4e7a09 e-flex e-con-boxed e-con\" data-id=\"6d4e7a09\" data-element_type=\"container\" data-settings=\"{&quot;content_width&quot;:&quot;boxed&quot;}\">\n\t\t\t\t\t<div class=\"e-con-inner\">\n\t\t\t\t<div class=\"elementor-element elementor-element-5ab89e0f elementor-widget elementor-widget-heading\" data-id=\"5ab89e0f\" data-element_type=\"widget\" data-widget_type=\"heading.default\">\n\t\t\t\t<div class=\"elementor-widget-container\">\n\t\t\t<style>\/*! elementor - v3.15.0 - 20-08-2023 *\/\n.elementor-heading-title{padding:0;margin:0;line-height:1}.elementor-widget-heading .elementor-heading-title[class*=elementor-size-]>a{color:inherit;font-size:inherit;line-height:inherit}.elementor-widget-heading .elementor-heading-title.elementor-size-small{font-size:15px}.elementor-widget-heading .elementor-heading-title.elementor-size-medium{font-size:19px}.elementor-widget-heading .elementor-heading-title.elementor-size-large{font-size:29px}.elementor-widget-heading .elementor-heading-title.elementor-size-xl{font-size:39px}.elementor-widget-heading .elementor-heading-title.elementor-size-xxl{font-size:59px}<\/style><h2 class=\"elementor-heading-title elementor-size-default\">Die neuesten Beitr\u00e4ge<\/h2>\t\t<\/div>\n\t\t\t\t<\/div>\n\t\t\t\t<div class=\"elementor-element elementor-element-63b035f8 elementor-grid-3 elementor-grid-tablet-2 elementor-grid-mobile-1 elementor-posts--thumbnail-top elementor-posts--show-avatar elementor-card-shadow-yes elementor-posts__hover-gradient elementor-invisible elementor-widget elementor-widget-posts\" data-id=\"63b035f8\" data-element_type=\"widget\" data-settings=\"{&quot;_animation&quot;:&quot;zoomIn&quot;,&quot;cards_columns&quot;:&quot;3&quot;,&quot;cards_columns_tablet&quot;:&quot;2&quot;,&quot;cards_columns_mobile&quot;:&quot;1&quot;,&quot;cards_row_gap&quot;:{&quot;unit&quot;:&quot;px&quot;,&quot;size&quot;:35,&quot;sizes&quot;:[]},&quot;cards_row_gap_tablet&quot;:{&quot;unit&quot;:&quot;px&quot;,&quot;size&quot;:&quot;&quot;,&quot;sizes&quot;:[]},&quot;cards_row_gap_mobile&quot;:{&quot;unit&quot;:&quot;px&quot;,&quot;size&quot;:&quot;&quot;,&quot;sizes&quot;:[]}}\" data-widget_type=\"posts.cards\">\n\t\t\t\t<div class=\"elementor-widget-container\">\n\t\t\t<link rel=\"stylesheet\" href=\"https:\/\/www.dermeilentyp.de\/blog\/wp-content\/plugins\/elementor-pro\/assets\/css\/widget-posts.min.css\">\t\t<div class=\"elementor-posts-container elementor-posts elementor-posts--skin-cards elementor-grid\">\n\t\t\t\t<article class=\"elementor-post elementor-grid-item post-742 post type-post status-publish format-standard has-post-thumbnail hentry category-fluege category-reviews\">\n\t\t\t<div class=\"elementor-post__card\">\n\t\t\t\t<a class=\"elementor-post__thumbnail__link\" href=\"https:\/\/www.dermeilentyp.de\/blog\/2023\/10\/23\/die-al-safwa-first-class-lounge\/\" ><div class=\"elementor-post__thumbnail\"><img loading=\"lazy\" decoding=\"async\" width=\"2560\" height=\"1920\" src=\"https:\/\/www.dermeilentyp.de\/blog\/wp-content\/uploads\/2023\/10\/IMG_4239-scaled.jpeg\" class=\"attachment-full size-full wp-image-751\" alt=\"\" srcset=\"https:\/\/www.dermeilentyp.de\/blog\/wp-content\/uploads\/2023\/10\/IMG_4239-scaled.jpeg 2560w, https:\/\/www.dermeilentyp.de\/blog\/wp-content\/uploads\/2023\/10\/IMG_4239-300x225.jpeg 300w, https:\/\/www.dermeilentyp.de\/blog\/wp-content\/uploads\/2023\/10\/IMG_4239-1024x768.jpeg 1024w, https:\/\/www.dermeilentyp.de\/blog\/wp-content\/uploads\/2023\/10\/IMG_4239-768x576.jpeg 768w, https:\/\/www.dermeilentyp.de\/blog\/wp-content\/uploads\/2023\/10\/IMG_4239-1536x1152.jpeg 1536w, https:\/\/www.dermeilentyp.de\/blog\/wp-content\/uploads\/2023\/10\/IMG_4239-2048x1536.jpeg 2048w\" sizes=\"auto, (max-width: 2560px) 100vw, 2560px\" \/><\/div><\/a>\n\t\t\t\t<div class=\"elementor-post__badge\">Fl\u00fcge<\/div>\n\t\t\t\t<div class=\"elementor-post__avatar\">\n\t\t\t<img alt='Lucas' src='https:\/\/secure.gravatar.com\/avatar\/976fcd919db9788bd6bb5b83bca8efb23c0ada38dda5793b3029e239bba745fd?s=128&#038;d=mm&#038;r=g' srcset='https:\/\/secure.gravatar.com\/avatar\/976fcd919db9788bd6bb5b83bca8efb23c0ada38dda5793b3029e239bba745fd?s=256&#038;d=mm&#038;r=g 2x' class='avatar avatar-128 photo' height='128' width='128' \/>\t\t<\/div>\n\t\t\t\t<div class=\"elementor-post__text\">\n\t\t\t\t<h3 class=\"elementor-post__title\">\n\t\t\t<a href=\"https:\/\/www.dermeilentyp.de\/blog\/2023\/10\/23\/die-al-safwa-first-class-lounge\/\" >\n\t\t\t\tReview: Die Al Safwa First Class Lounge\t\t\t<\/a>\n\t\t<\/h3>\n\t\t\t\t<div class=\"elementor-post__excerpt\">\n\t\t\t<p>Wenn es um erstklassige Flugerfahrungen geht, steht die Al Safwa First Class Lounge am Hamad International Airport in Doha an vorderster Front.<\/p>\n\t\t<\/div>\n\t\t\n\t\t<a class=\"elementor-post__read-more\" href=\"https:\/\/www.dermeilentyp.de\/blog\/2023\/10\/23\/die-al-safwa-first-class-lounge\/\" aria-label=\"Read more about Review: Die Al Safwa First Class Lounge\" >\n\t\t\tRead More \u00bb\t\t<\/a>\n\n\t\t\t\t<\/div>\n\t\t\t\t<div class=\"elementor-post__meta-data\">\n\t\t\t\t\t<span class=\"elementor-post-date\">\n\t\t\t23. Oktober 2023\t\t<\/span>\n\t\t\t\t<span class=\"elementor-post-avatar\">\n\t\t\tKeine Kommentare\t\t<\/span>\n\t\t\t\t<\/div>\n\t\t\t\t\t<\/div>\n\t\t<\/article>\n\t\t\t\t<article class=\"elementor-post elementor-grid-item post-727 post type-post status-publish format-standard has-post-thumbnail hentry category-fluege category-reviews\">\n\t\t\t<div class=\"elementor-post__card\">\n\t\t\t\t<a class=\"elementor-post__thumbnail__link\" href=\"https:\/\/www.dermeilentyp.de\/blog\/2023\/10\/04\/review-qatar-airways-qsuite-boeing-777\/\" ><div class=\"elementor-post__thumbnail\"><img loading=\"lazy\" decoding=\"async\" width=\"1179\" height=\"990\" src=\"https:\/\/www.dermeilentyp.de\/blog\/wp-content\/uploads\/2023\/10\/IMG_4181.jpg\" class=\"attachment-full size-full wp-image-729\" alt=\"Flug-mit-qsuite-fra-doh\" srcset=\"https:\/\/www.dermeilentyp.de\/blog\/wp-content\/uploads\/2023\/10\/IMG_4181.jpg 1179w, https:\/\/www.dermeilentyp.de\/blog\/wp-content\/uploads\/2023\/10\/IMG_4181-300x252.jpg 300w, https:\/\/www.dermeilentyp.de\/blog\/wp-content\/uploads\/2023\/10\/IMG_4181-1024x860.jpg 1024w, https:\/\/www.dermeilentyp.de\/blog\/wp-content\/uploads\/2023\/10\/IMG_4181-768x645.jpg 768w\" sizes=\"auto, (max-width: 1179px) 100vw, 1179px\" \/><\/div><\/a>\n\t\t\t\t<div class=\"elementor-post__badge\">Fl\u00fcge<\/div>\n\t\t\t\t<div class=\"elementor-post__avatar\">\n\t\t\t<img alt='Lucas' src='https:\/\/secure.gravatar.com\/avatar\/976fcd919db9788bd6bb5b83bca8efb23c0ada38dda5793b3029e239bba745fd?s=128&#038;d=mm&#038;r=g' srcset='https:\/\/secure.gravatar.com\/avatar\/976fcd919db9788bd6bb5b83bca8efb23c0ada38dda5793b3029e239bba745fd?s=256&#038;d=mm&#038;r=g 2x' class='avatar avatar-128 photo' height='128' width='128' \/>\t\t<\/div>\n\t\t\t\t<div class=\"elementor-post__text\">\n\t\t\t\t<h3 class=\"elementor-post__title\">\n\t\t\t<a href=\"https:\/\/www.dermeilentyp.de\/blog\/2023\/10\/04\/review-qatar-airways-qsuite-boeing-777\/\" >\n\t\t\t\tReview: Qatar Airways QSuite Boeing 777\t\t\t<\/a>\n\t\t<\/h3>\n\t\t\t\t<div class=\"elementor-post__excerpt\">\n\t\t\t<p>Erlebe Luxus pur: Frankfurt-Doha mit Qatar Airways QSuite. Unvergleichlicher Komfort &#038; Gourmet-Genuss<\/p>\n\t\t<\/div>\n\t\t\n\t\t<a class=\"elementor-post__read-more\" href=\"https:\/\/www.dermeilentyp.de\/blog\/2023\/10\/04\/review-qatar-airways-qsuite-boeing-777\/\" aria-label=\"Read more about Review: Qatar Airways QSuite Boeing 777\" >\n\t\t\tRead More \u00bb\t\t<\/a>\n\n\t\t\t\t<\/div>\n\t\t\t\t<div class=\"elementor-post__meta-data\">\n\t\t\t\t\t<span class=\"elementor-post-date\">\n\t\t\t4. Oktober 2023\t\t<\/span>\n\t\t\t\t<span class=\"elementor-post-avatar\">\n\t\t\tKeine Kommentare\t\t<\/span>\n\t\t\t\t<\/div>\n\t\t\t\t\t<\/div>\n\t\t<\/article>\n\t\t\t\t<article class=\"elementor-post elementor-grid-item post-719 post type-post status-publish format-standard has-post-thumbnail hentry category-news\">\n\t\t\t<div class=\"elementor-post__card\">\n\t\t\t\t<a class=\"elementor-post__thumbnail__link\" href=\"https:\/\/www.dermeilentyp.de\/blog\/2023\/09\/05\/rekord-40-000-membership-rewards-punkte-als-willkommensbonus\/\" ><div class=\"elementor-post__thumbnail\"><img loading=\"lazy\" decoding=\"async\" width=\"800\" height=\"507\" src=\"https:\/\/www.dermeilentyp.de\/blog\/wp-content\/uploads\/2023\/08\/goldcard-e1692119314235.webp\" class=\"attachment-full size-full wp-image-323\" alt=\"amex goldcard\" \/><\/div><\/a>\n\t\t\t\t<div class=\"elementor-post__badge\">News<\/div>\n\t\t\t\t<div class=\"elementor-post__avatar\">\n\t\t\t<img alt='Lucas' src='https:\/\/secure.gravatar.com\/avatar\/976fcd919db9788bd6bb5b83bca8efb23c0ada38dda5793b3029e239bba745fd?s=128&#038;d=mm&#038;r=g' srcset='https:\/\/secure.gravatar.com\/avatar\/976fcd919db9788bd6bb5b83bca8efb23c0ada38dda5793b3029e239bba745fd?s=256&#038;d=mm&#038;r=g 2x' class='avatar avatar-128 photo' height='128' width='128' \/>\t\t<\/div>\n\t\t\t\t<div class=\"elementor-post__text\">\n\t\t\t\t<h3 class=\"elementor-post__title\">\n\t\t\t<a href=\"https:\/\/www.dermeilentyp.de\/blog\/2023\/09\/05\/rekord-40-000-membership-rewards-punkte-als-willkommensbonus\/\" >\n\t\t\t\tREKORD: 40.000 Membership Rewards Punkte als Willkommensbonus\t\t\t<\/a>\n\t\t<\/h3>\n\t\t\t\t<div class=\"elementor-post__excerpt\">\n\t\t\t<p>Die Amex Gold Kreditkarte \u00fcberrascht erneut mit einem verlockenden Willkommensbonus von 40.000 Membership Rewards Punkten!\u00a0<\/p>\n\t\t<\/div>\n\t\t\n\t\t<a class=\"elementor-post__read-more\" href=\"https:\/\/www.dermeilentyp.de\/blog\/2023\/09\/05\/rekord-40-000-membership-rewards-punkte-als-willkommensbonus\/\" aria-label=\"Read more about REKORD: 40.000 Membership Rewards Punkte als Willkommensbonus\" >\n\t\t\tRead More \u00bb\t\t<\/a>\n\n\t\t\t\t<\/div>\n\t\t\t\t<div class=\"elementor-post__meta-data\">\n\t\t\t\t\t<span class=\"elementor-post-date\">\n\t\t\t5. September 2023\t\t<\/span>\n\t\t\t\t<span class=\"elementor-post-avatar\">\n\t\t\tKeine Kommentare\t\t<\/span>\n\t\t\t\t<\/div>\n\t\t\t\t\t<\/div>\n\t\t<\/article>\n\t\t\t\t<\/div>\n\t\t\n\t\t\t\t<\/div>\n\t\t\t\t<\/div>\n\t\t\t\t\t<\/div>\n\t\t\t\t<\/div>\n\t\t<div class=\"elementor-element elementor-element-a0e1e70 e-flex e-con-boxed e-con\" data-id=\"a0e1e70\" data-element_type=\"container\" data-settings=\"{&quot;content_width&quot;:&quot;boxed&quot;}\">\n\t\t\t\t\t<div class=\"e-con-inner\">\n\t\t\t\t<div class=\"elementor-element elementor-element-36a54c1 elementor-widget elementor-widget-heading\" data-id=\"36a54c1\" data-element_type=\"widget\" data-widget_type=\"heading.default\">\n\t\t\t\t<div class=\"elementor-widget-container\">\n\t\t\t<h2 class=\"elementor-heading-title elementor-size-default\">\u00dcber mich<\/h2>\t\t<\/div>\n\t\t\t\t<\/div>\n\t\t\t\t\t<\/div>\n\t\t\t\t<\/div>\n\t\t<div class=\"elementor-element elementor-element-eae9e55 e-flex e-con-boxed e-con\" data-id=\"eae9e55\" data-element_type=\"container\" data-settings=\"{&quot;content_width&quot;:&quot;boxed&quot;}\">\n\t\t\t\t\t<div class=\"e-con-inner\">\n\t\t<div class=\"elementor-element elementor-element-09e64d9 e-con-full e-flex e-con\" data-id=\"09e64d9\" data-element_type=\"container\" data-settings=\"{&quot;content_width&quot;:&quot;full&quot;}\">\n\t\t\t\t<div class=\"elementor-element elementor-element-bb55b8a elementor-invisible elementor-widget elementor-widget-image\" data-id=\"bb55b8a\" data-element_type=\"widget\" data-settings=\"{&quot;_animation&quot;:&quot;fadeIn&quot;}\" data-widget_type=\"image.default\">\n\t\t\t\t<div class=\"elementor-widget-container\">\n\t\t\t<style>\/*! elementor - v3.15.0 - 20-08-2023 *\/\n.elementor-widget-image{text-align:center}.elementor-widget-image a{display:inline-block}.elementor-widget-image a img[src$=\".svg\"]{width:48px}.elementor-widget-image img{vertical-align:middle;display:inline-block}<\/style>\t\t\t\t\t\t\t\t\t\t\t\t<img loading=\"lazy\" decoding=\"async\" width=\"800\" height=\"999\" src=\"https:\/\/www.dermeilentyp.de\/blog\/wp-content\/uploads\/2023\/08\/C6E1238E-AFAC-451A-BB2F-D0100EA39489-820x1024.jpeg\" class=\"attachment-large size-large wp-image-341\" alt=\"Der Meilentyp Lucas Ich\" srcset=\"https:\/\/www.dermeilentyp.de\/blog\/wp-content\/uploads\/2023\/08\/C6E1238E-AFAC-451A-BB2F-D0100EA39489-820x1024.jpeg 820w, https:\/\/www.dermeilentyp.de\/blog\/wp-content\/uploads\/2023\/08\/C6E1238E-AFAC-451A-BB2F-D0100EA39489-240x300.jpeg 240w, https:\/\/www.dermeilentyp.de\/blog\/wp-content\/uploads\/2023\/08\/C6E1238E-AFAC-451A-BB2F-D0100EA39489-768x959.jpeg 768w, https:\/\/www.dermeilentyp.de\/blog\/wp-content\/uploads\/2023\/08\/C6E1238E-AFAC-451A-BB2F-D0100EA39489-1230x1536.jpeg 1230w, https:\/\/www.dermeilentyp.de\/blog\/wp-content\/uploads\/2023\/08\/C6E1238E-AFAC-451A-BB2F-D0100EA39489-1640x2048.jpeg 1640w\" sizes=\"auto, (max-width: 800px) 100vw, 800px\" \/>\t\t\t\t\t\t\t\t\t\t\t\t\t\t\t<\/div>\n\t\t\t\t<\/div>\n\t\t\t\t<\/div>\n\t\t<div class=\"elementor-element elementor-element-b7aafca e-con-full e-flex e-con\" data-id=\"b7aafca\" data-element_type=\"container\" data-settings=\"{&quot;content_width&quot;:&quot;full&quot;}\">\n\t\t\t\t<div class=\"elementor-element elementor-element-5cedaae elementor-widget elementor-widget-text-editor\" data-id=\"5cedaae\" data-element_type=\"widget\" data-widget_type=\"text-editor.default\">\n\t\t\t\t<div class=\"elementor-widget-container\">\n\t\t\t<style>\/*! elementor - v3.15.0 - 20-08-2023 *\/\n.elementor-widget-text-editor.elementor-drop-cap-view-stacked .elementor-drop-cap{background-color:#69727d;color:#fff}.elementor-widget-text-editor.elementor-drop-cap-view-framed .elementor-drop-cap{color:#69727d;border:3px solid;background-color:transparent}.elementor-widget-text-editor:not(.elementor-drop-cap-view-default) .elementor-drop-cap{margin-top:8px}.elementor-widget-text-editor:not(.elementor-drop-cap-view-default) .elementor-drop-cap-letter{width:1em;height:1em}.elementor-widget-text-editor .elementor-drop-cap{float:left;text-align:center;line-height:1;font-size:50px}.elementor-widget-text-editor .elementor-drop-cap-letter{display:inline-block}<\/style>\t\t\t\t<p>Herzlich willkommen auf meinem Reiseblog! Ich bin Lucas, 27 Jahre alt, und mein Ziel ist es, die Welt zu bereisen. Hier m\u00f6chte ich meine Abenteuer, meine Tipps zum Sammeln und Optimieren von Meilen und mein Wissen \u00fcber Kreditkarten mit euch teilen.<\/p><p>Von der Auswahl des besten Meilenprogramms bis zur cleveren Reiseplanung &#8211; ich biete euch einen detaillierten Ratgeber, um eure Reisetr\u00e4ume zu realisieren. Ich teile meine Leidenschaft und gebe Anweisungen f\u00fcr unvergessliche Erlebnisse, sodass ihr lernt, Upgrades zu maximieren und Luxus auf erschwingliche Weise zu genie\u00dfen.<\/p><p>Ob ihr erfahrene Jetsetter seid oder gerade erst mit dem Sammeln von Meilen beginnt, hier findet ihr ma\u00dfgeschneiderte Tipps und inspirierende Geschichten aus meiner eigenen Reiseerfahrung.<\/p><p>Bitte beachtet: Der Blog befindet sich derzeit noch im Aufbau. Ich bin immer offen f\u00fcr neue Themen und Ideen. Nutzt gerne das Kontaktformular oder hinterlasst Kommentare, um Vorschl\u00e4ge zu machen oder eure Gedanken zu teilen.<\/p><p>Komm und begleite mich auf dieser Reise, die Welt ohne Grenzen oder Kosten zu erkunden. Denn Reisen ist nicht nur meine Leidenschaft, sondern auch eine Kunst, die ich gerne mit euch teile!<\/p>\t\t\t\t\t\t<\/div>\n\t\t\t\t<\/div>\n\t\t\t\t<\/div>\n\t\t\t\t\t<\/div>\n\t\t\t\t<\/div>\n\t\t<div class=\"elementor-element elementor-element-eb6f132 e-flex e-con-boxed e-con\" data-id=\"eb6f132\" data-element_type=\"container\" data-settings=\"{&quot;content_width&quot;:&quot;boxed&quot;}\">\n\t\t\t\t\t<div class=\"e-con-inner\">\n\t\t\t\t<div class=\"elementor-element elementor-element-de5c9aa elementor-widget elementor-widget-heading\" data-id=\"de5c9aa\" data-element_type=\"widget\" data-widget_type=\"heading.default\">\n\t\t\t\t<div class=\"elementor-widget-container\">\n\t\t\t<h2 class=\"elementor-heading-title elementor-size-default\">Meine Videos<\/h2>\t\t<\/div>\n\t\t\t\t<\/div>\n\t\t\t\t\t<\/div>\n\t\t\t\t<\/div>\n\t\t<div class=\"elementor-element elementor-element-2ccc22c6 e-flex e-con-boxed e-con\" data-id=\"2ccc22c6\" data-element_type=\"container\" data-settings=\"{&quot;content_width&quot;:&quot;boxed&quot;}\">\n\t\t\t\t\t<div class=\"e-con-inner\">\n\t\t\t\t<div class=\"elementor-element elementor-element-2207a7b7 elementor-widget elementor-widget-html\" data-id=\"2207a7b7\" data-element_type=\"widget\" data-widget_type=\"html.default\">\n\t\t\t\t<div class=\"elementor-widget-container\">\n\t\t\t<blockquote class=\"tiktok-embed\" cite=\"https:\/\/www.tiktok.com\/@dermeilentyp\" data-unique-id=\"dermeilentyp\" data-embed-type=\"creator\" style=\"max-width: 780px; min-width: 288px;\" > <section> <a target=\"_blank\" href=\"https:\/\/www.tiktok.com\/@dermeilentyp?refer=creator_embed\">@dermeilentyp<\/a> <\/section> <\/blockquote> <script async src=\"https:\/\/www.tiktok.com\/embed.js\"><\/script>\t\t<\/div>\n\t\t\t\t<\/div>\n\t\t\t\t\t<\/div>\n\t\t\t\t<\/div>\n\t\t\t\t\t\t\t<\/div>\n\t\t\t\t<\/div>\n\t\t\t\t<\/div>\n\t\t\t\t<\/div>\n\t\t\t\t\t<\/div>\n\t\t\t\t<\/div>\n\t\t<div class=\"elementor-element elementor-element-8cc22be e-flex e-con-boxed e-con\" data-id=\"8cc22be\" data-element_type=\"container\" data-settings=\"{&quot;content_width&quot;:&quot;boxed&quot;}\">\n\t\t\t\t\t<div class=\"e-con-inner\">\n\t\t\t\t\t<\/div>\n\t\t\t\t<\/div>\n\t\t\t\t\t\t\t<\/div>\n\t\t","protected":false},"excerpt":{"rendered":"","protected":false},"author":1,"featured_media":0,"parent":0,"menu_order":0,"comment_status":"closed","ping_status":"closed","template":"","meta":{"_monsterinsights_skip_tracking":false,"_monsterinsights_sitenote_active":false,"_monsterinsights_sitenote_note":"","_monsterinsights_sitenote_category":0,"footnotes":""},"class_list":["post-209","page","type-page","status-publish","hentry"],"aioseo_notices":[],"_links":{"self":[{"href":"https:\/\/www.dermeilentyp.de\/blog\/wp-json\/wp\/v2\/pages\/209","targetHints":{"allow":["GET"]}}],"collection":[{"href":"https:\/\/www.dermeilentyp.de\/blog\/wp-json\/wp\/v2\/pages"}],"about":[{"href":"https:\/\/www.dermeilentyp.de\/blog\/wp-json\/wp\/v2\/types\/page"}],"author":[{"embeddable":true,"href":"https:\/\/www.dermeilentyp.de\/blog\/wp-json\/wp\/v2\/users\/1"}],"replies":[{"embeddable":true,"href":"https:\/\/www.dermeilentyp.de\/blog\/wp-json\/wp\/v2\/comments?post=209"}],"version-history":[{"count":0,"href":"https:\/\/www.dermeilentyp.de\/blog\/wp-json\/wp\/v2\/pages\/209\/revisions"}],"wp:attachment":[{"href":"https:\/\/www.dermeilentyp.de\/blog\/wp-json\/wp\/v2\/media?parent=209"}],"curies":[{"name":"wp","href":"https:\/\/api.w.org\/{rel}","templated":true}]}}